 tens digit of b?
4
Let y be -3 - (-5)/((-2)/(-2)). Suppose -3*o - y*o + 55 = 0. What is the tens digit of o?
1
Let w = -7 - 3. Let p = w + 6. Let y(m) = -3*m. What is the tens digit of y(p)?
1
Suppose -5*d = -4*w - 3, 3*w = -0*w - 5*d - 11. Let l(h) = h**2 + 2*h + 1. Let z be l(w). What is the units digit of 5*(z + (-4)/10)?
3
Suppose -3*u = 2*u + 5*i + 5, -2*u = 5*i - 1. Let r = u - -4. Suppose 19 = r*z - 15. What is the tens digit of z?
1
Let b = 8 - -36. Suppose -3*f + b = -49. What is the tens digit of f?
3
Let y(m) = -m**2 + 4*m + 1. Let z be y(3). Suppose 3*t = -2*t - l + 55, -2*t + z = 4*l. What is the tens digit of t?
1
Let w be -2*6/(-8)*2. Suppose -w*f + 1 = -20. What is the units digit of f?
7
Let i = 62 + -2. Suppose -3*l - 21 = -i. What is the units digit of l?
3
Let s(j) = j**2 - 2. Let w be s(9). Let c = w - 42. What is the units digit of c?
7
Suppose 2*h = -2*y - 12, -y - 19 = 4*h + 8. Let z = -5 - h. What is the units digit of z?
2
Let h be 28 - -1 - 0/3. Let w = h + -9. What is the units digit of w?
0
Suppose j - 5*d + 15 = 0, 3*j - 4*d - 26 = 6*j. Let b be (-8)/j*10/4. Suppose 3*g - 5*o = 74, 2*g - 3*o + b*o - 40 = 0. What is the tens digit of g?
1
Suppose -4*q - 2 = 3*p, 8 = -3*p + 4*p - 3*q. Suppose -p = -5*o + 3. What is the units digit of o?
1
Let a(d) = 2*d**3 - 2*d + 1. Let f = -2 - -4. What is the tens digit of a(f)?
1
Let m(d) = d**3 - 5*d**2 - 3*d + 2. Suppose 4*t = -4*x + 24, -t - 4 = -2*x + 8. What is the tens digit of m(x)?
2
Let x be -2 - -1 - (9 - 13). Suppose 24 = x*l - 6. What is the tens digit of l?
1
Suppose 3*v + 50 = 8*v. What is the tens digit of v?
1
Let v = 2 - -3. Suppose v*r - 166 = -26. What is the units digit of r?
8
Let o(i) = -13*i**3 + 29*i**2 - 16*i + 5. Let f(s) = 3*s**3 - 7*s**2 + 4*s - 1. Let x(c) = 9*f(c) + 2*o(c). Let m be x(4). What is the units digit of 1/m*12/4?
3
Let t = 2 - 1. Let x be t + (0 - (-1 - -2)). Suppose 0 = 3*u - x*u - 48. What is the tens digit of u?
1
Suppose -5*f - i + 1037 = 0, 0*f + 4*i - 196 = -f. What is the tens digit of f?
0
Let h = -3 + 54. Suppose -2*n + h = n. What is the tens digit of n?
1
Let x(s) = 3 + 5 + 0*s**2 + 8*s + s**2. What is the units digit of x(-7)?
1
Let u(x) be the second derivative of x**5/20 + 5*x**4/12 + x**3/6 + 7*x**2/2 - x. What is the units digit of u(-5)?
2
Suppose -4*t + 48 = 3*h, 5*t - 14 = 3*t + h. Let y = t + -5. Suppose 5*i = -f - y*f + 50, -4*f - 2*i = -50. What is the units digit of f?
5
Let f = 171 - 93. Suppose j = 3*j - f. Let h = -27 + j. What is the units digit of h?
2
Suppose -3*a + 0*a = -6. What is the units digit of a - (-2 + (3 - 0))?
1
Suppose 2*h + 0*t - 72 = -4*t, 0 = 3*t - 12. What is the units digit of h?
8
Let j = 24 + -37. Let f = 6 + j. Let i(s) = -2*s - 7. What is the units digit of i(f)?
7
Let z = 35 + -7. What is the units digit of z?
8
Suppose 33 = -2*w - r, -2*r - 30 = w - 6. Let a = 2 - w. Let p = -5 + a. What is the tens digit of p?
1
Suppose -2*n - 80 = 3*n. Let f = -9 - n. What is the units digit of f?
7
Suppose 0*y + 80 = 5*y. Suppose 4*d + 4*z = 48, 8 + y = 2*d + z. What is the units digit of d?
2
What is the units digit of 2/10 + (5 - 1574/(-5))?
0
Let x(n) = 2*n - 10. What is the tens digit of x(13)?
1
Let n(s) = -30*s - 2. What is the units digit of n(-3)?
8
Let y be (1 + -2)/((-2)/(-50)). Let x = y - -38. What is the tens digit of x?
1
Suppose 0 = 3*s + 24 - 6. What is the units digit of (2/3)/((-4)/s)?
1
Let g = 2 - 0. Let h(y) = y**2 + g + y - 2*y - 2*y. What is the units digit of h(4)?
6
What is the hundreds digit of 3159*(-4)/(-44) - (-4)/(-22)?
2
Let l(i) = -i + 1. Let o(c) = -5*c - 5. Let k(d) = 4*l(d) + o(d). What is the tens digit of k(-3)?
2
Let r(w) = -11*w**2 + 2*w - 3. Let x be r(2). Let b = x + 109. What is the units digit of ((-6)/(-18))/(2/b)?
1
Suppose 4 = 4*v - 4. Suppose -b + 17 + v = 0. What is the tens digit of b?
1
Let d(y) = -y**2 + 36. What is the tens digit of d(0)?
3
Let s = 11 - 11. Suppose -g + 2*l + 46 = 0, 4*l - 2*l + 2 = s. What is the units digit of g?
4
Suppose -3*x = -0*x - 9. Suppose 4*s + 106 = 2*a - s, -3*a + 159 = x*s. What is the tens digit of a?
5
Let j = 29 - -13. What is the units digit of j?
2
Suppose 5*m - 27 = -7. Let s be (81/4)/(m/16). Suppose 3*n - s = -15. What is the tens digit of n?
2
Let m = -3 + 12. Suppose -4*t + 3 + m = 0. Suppose 0*u = t*u - 6. What is the units digit of u?
2
Let x(j) = j**3 - 5*j**2 - 5*j - 4. Let s be x(6). Suppose 0 = -2*t + 3*t - s. Suppose -3*g - a + 11 = 0, -t*g - a + 3*a = -10. What is the units digit of g?
4
What is the units digit of 110/33*156/10?
2
Let c = -4 - -27. What is the units digit of c?
3
Let k(g) be the first derivative of -g**2/2 - 2*g + 1. Let y(t) = t + 3. Let v be y(-7). What is the units digit of k(v)?
2
What is the units digit of (-6)/((-4)/5*(-15)/(-6))?
3
Let w = 78 + -7. What is the units digit of w?
1
What is the units digit of (4/3 + -1)*135?
5
Let q(y) = 4*y**2 + 3*y - 13. What is the hundreds digit of q(-6)?
1
Suppose 2*t = -3*y + 48, 4*y + t = -0*y + 64. What is the tens digit of y?
1
Let v(b) = 12*b**2 - 8*b - 17. What is the units digit of v(-2)?
7
Suppose 0 = -4*x + 5*u + 6, 3*x - u + 0*u - 10 = 0. Let y be (-3 + -1)/(x/22). What is the units digit of (-10)/45 + y/(-18)?
1
Let f(a) = -a**3 + 12*a**2 - a + 3. Let g be f(12). Let z = -7 - g. Suppose z*l = 2*b - 0*b - 38, 5*b - 85 = 3*l. What is the tens digit of b?
1
Let z(t) = 7*t**3 - 6*t**2 + 7*t - 2. Let v(a) = 15*a**3 - 12*a**2 + 15*a - 5. Let l(r) = -6*v(r) + 13*z(r). What is the tens digit of l(6)?
1
Let r(p) = -p**2 - p - 15. Let t be 0/3*(-1)/1. Let v be r(t). What is the units digit of v/(-3) + (-2)/2?
4
Let q(w) = w**2 + 0*w + 2*w + w - 1. What is the units digit of q(-5)?
9
Let u(a) = -a**3 + 7*a**2 + 8*a - 2. Let d be u(8). What is the units digit of 1/d*-7*6?
1
Let w = 383 - 268. What is the tens digit of w?
1
Suppose 0 = 6*z - 2*z - 64. What is the units digit of z?
6
Let g(k) = -k + 8. Let j be g(-6). Suppose -5*y = 42 + 63. What is the units digit of (-4)/j - 69/y?
3
Let w(p) = -p**3 + 3*p**2 - p - 1. Let r be w(3). Let t(q) = -q + 2. What is the units digit of t(r)?
6
What is the units digit of 4/(-14) + (-8)/((-224)/1380)?
9
Suppose 0 = 3*q + 2*z + 2*z - 14, -5*z + 20 = 4*q. Suppose 0 = 5*m - q*m + 10. What is the units digit of m?
2
Let p(q) = q**2 - 8*q + 1. Let a be p(8). What is the tens digit of 12 + (a + 1 - 0)?
1
Suppose 3*g - 2*g + 7 = 0. What is the units digit of (12/g)/((-4)/14)?
6
Let i = -27 - -48. What is the units digit of i?
1
Let h = 4 - -5. Suppose h + 21 = -3*g. What is the units digit of g/(1 + 2*-1)?
0
Let k(a) = -a**2 + 5 + 2*a**2 + 10. What is the units digit of k(0)?
5
Let t = 51 - 29. Suppose -d + t = -2*g, -d + 3*g = 2*d - 54. What is the units digit of d?
4
Let o(g) = 4*g - 4*g - g**2 - 7*g + 10. Let m be o(-8). Suppose -4*k = -m*k - 8. What is the units digit of k?
4
Let q = 131 - 84. What is the tens digit of q?
4
Suppose 0 = 2*u - 0*u - 10. Let k = u - 4. What is the units digit of 1*(k - 24/(-3))?
9
Suppose -2*s - 16 = -4*u, -3*s - 3*u = -0*s - 12. Suppose -3*o + 16 + 29 = s. Suppose -4*j + o = 4*x - x, 5*j = 3*x + 12. What is the units digit of x?
1
Suppose 0*r + r = -2*w + 83, -142 = -3*w + 2*r. What is the tens digit of w?
4
Let d(u) = -u**2 - 9*u - 9. Let m be d(-6). Suppose 3*f = 4*f - m. What is the units digit of f?
9
Let q(g) = g**3 + 12*g**2 - g + 26. What is the units digit of q(-11)?
8
Suppose 5*f = -20, -2*q + 2*f = f - 12. Suppose q*g - 3*g = -6. Let x(v) = v**3 + 7*v**2 + 5*v + 6. What is the units digit of x(g)?
2
Let r be (-4)/(-6) + 20/15. Suppose -f - 10 = -j, 0 = -f + r*f. What is the tens digit of j?
1
Let o = 38 + -13. What is the tens digit of o?
2
Let z(d) = -18*d**3 + 3*d**2 + d - 4. What is the hundreds digit of z(-2)?
1
Let o = 35 - 25. What is the tens digit of o?
1
Suppose 18 = 2*r - 0*o - 4*o, 2*o = -3*r + 3. Suppose 19 + 17 = r*m. What is the units digit of m?
2
Let j(p) = -p. Let f be j(10). What is the units digit of (-4)/f*(27 - 2)?
0
Let b be -1*1*0/3. Suppose -4*c = -g - 46, g - 2*g + 2 = b. What is the tens digit of c?
1
Suppose -5*v + 3*q + 0 - 10 = 0, 0 = v - 2*q + 2. What is the tens digit of v - (0 - -1)*-19?
1
Let h(g) be the third derivative of g*